ine o(a).
6
Let s(a) be the third derivative of -a**5/120 - a**4/3 - a**3/6 + 2*a**2. Let r(c) be the first derivative of s(c). Give r(-4).
-4
Let c(f) = f**2 + 4*f. Let x be c(-4). Let q(y) = -y**2 + 3*y**2 + 2 - 3*y**2. Determine q(x).
2
Let v(n) be the first derivative of n + 3 - n**3 - 1/4*n**4 + n**2. Let d be 2/5 - (-17)/(-5). Calculate v(d).
-5
Let f be 192/(-72) + (-2)/6. Let p(y) be the second derivative of y**4/12 + y**3/3 + y**2/2 - y. Let t(z) be the first derivative of p(z). Calculate t(f).
-4
Suppose -22 = 4*v - 2*i, -2*v - 5*i + i = 6. Let h(g) be the first derivative of -g**3/3 - 3*g**2 + 1. Give h(v).
5
Let y be 20/(-6)*12/(-10). Suppose -16 = -3*u - h + 5*h, 2*u - y = h. Let f(s) = s**2 + s - 7. Calculate f(u).
-7
Let l(n) = -n + 5. Let c be l(4). Let g(q) = -q - c - 4*q - 2*q. Calculate g(-1).
6
Let s(g) = g**3 - 9*g**2 + g - 13. Let i be s(9). Let j(o) = o**2 + 3*o - 2. What is j(i)?
2
Let u(m) be the first derivative of m**6/360 - m**5/40 + m**4/8 - 5*m**3/3 - 8. Let r(i) be the third derivative of u(i). Give r(5).
13
Let h(p) = -2 - 7*p - 7*p + 1 + 15*p. Give h(2).
1
Let h(q) = -q**3 + 5*q**2 - 4*q - 1. Let j be (1 - -4)*(-6)/(-15) - -2. Calculate h(j).
-1
Suppose -4*j + 2*i + 28 = 0, -2*j + 4*j - 14 = -5*i. Let s(b) = 0 - 17*b**2 + 9*b**2 - 2 + j*b**2. Determine s(2).
-6
Let o(k) = -11 - k + 5 + 10 + 1. Give o(-5).
10
Let a(h) = 2*h - 7. Let k(t) = t - 3. Let f(b) = -6*a(b) + 14*k(b). What is f(-2)?
-4
Let p(q) = q - 2. Suppose -3 + 7 = o. Suppose 2*y - 35 = 7*y + o*s, 2*y - 2*s = 4. Let t be 1 + (-6)/(6/y). What is p(t)?
2
Let l(h) = h**2 - 8*h - 7. Let s be l(9). Let v(r) = -2*r**3 + 3*r**2 - 2*r + 2. Determine v(s).
-6
Let k be 6/(-16) - (-344)/64. Let h be (-6)/(-2*(2 + -1)). Let j(i) = -i**2 + h*i - i**2 + 5 + i**2. Calculate j(k).
-5
Let y be -2*(4/(4 + 0) + -2). Let r(x) = -x**2 + x + 2. What is r(y)?
0
Let y(t) = -7*t**3 - 1. Let g = -37 - -38. Calculate y(g).
-8
Suppose -2*y = -k - 15, 2*k - y = 6*k + 78. Let n = k + 44. Let g be 15/n*(3 + 2). Let x(v) = -2*v**2 + 3*v + 3. Calculate x(g).
-6
Let t = -165 - -159. Let a(i) = i**3 + 3*i + 8 + 3*i + 7*i**2 + 3*i. Calculate a(t).
-10
Suppose -4 = -t - 1. Let g(j) = -1 + 0*j + 3*j**2 - j**3 - 3 + 2*j. Determine g(t).
2
Let v(y) = 3*y + 2. Let f be 0 - -2*4/(-4). What is v(f)?
-4
Let n(y) = y**2 + 8*y - 8. Let i = 5 + -14. What is n(i)?
1
Let c(d) = -d**2 - 4*d. Let s(g) = -2*g**2 - 8*g. Let n = 25 - -41. Let i be ((-2)/4)/(3/n). Let z(m) = i*c(m) + 6*s(m). What is z(-5)?
-5
Let z(t) = 3*t**3 - 7*t**2 - 14*t - 3. Let j(a) = -a**3 + a - 1. Let g(k) = 4*j(k) + z(k). Determine g(-6).
17
Let d be (-1 + -1)/((-6)/9). Suppose 3*g = 12 + 3. Let r(m) = -m + g*m + m**3 - 4*m**2 - m**2. What is r(d)?
-6
Let b be -1 + -1 - (-15)/3. Suppose -2*u = 2*i - 3*i + 8, 5*u + 22 = b*i. Let q(r) = -r**3 + 5*r**2 - 2*r - 5. Determine q(i).
3
Let r(z) = 16 - 12*z**2 + 0*z**2 + 11*z**2. Calculate r(0).
16
Suppose 0 = 17*f + 181 - 198. Let k(c) = 0 + 3 - 4 - c. Calculate k(f).
-2
Let m(r) be the first derivative of -r**2/2 + 6*r + 11. Let n be (-14)/(-6) - 3/9. Suppose d = n*d. What is m(d)?
6
Let k(i) be the first derivative of -2 - 5/12*i**4 + 2*i - 1/20*i**5 - 1/2*i**3 - 2*i**2. Let q(v) be the first derivative of k(v). What is q(-4)?
-8
Let h(d) be the second derivative of d**6/720 - d**4/4 + 3*d. Let y(j) be the third derivative of h(j). Determine y(6).
6
Let c(y) = 4*y**3 + 2*y**2 - y. Let v(p) = 11*p**3 + p. Let f be v(1). Let g be (-9)/(-4) - 3/f. Let i be (-15)/(-10)*g/3. Calculate c(i).
5
Let j(u) = 21*u + 16*u - 32*u. Determine j(1).
5
Let n(c) = -c**2 - 3*c - 6. Suppose -w - 14 = -9. What is n(w)?
-16
Suppose 0 = 5*u + 2*o - 20, -o + 20 = 5*u - 4*o. Let q(n) = n**3 - 4*n**2 + 2*n - 3. Give q(u).
5
Let l be ((-4)/6)/(4/(-12)). Suppose -l - 8 = -5*m. Let q(f) = 2*f**m + 0*f**2 - 3*f - f**2 - 4. Give q(5).
6
Let n = -10 - -11. Suppose 3*i = 9, z + 2*i = -0*z + n. Let m(l) = -l + 5. What is m(z)?
10
Suppose 4*c = -5*t - 0 - 4, -t - 4 = 0. Let w(q) be the third derivative of 0*q - 3*q**2 - 1/24*q**c - 5/6*q**3 + 0. Give w(-4).
-1
Let i(u) = -2*u**3 - 3*u**2 - 2*u - 3. Let y(c) = -3*c**3 - 3*c**2 - 2*c - 4. Let v(s) = -4*i(s) + 3*y(s). Determine v(-2).
16
Let y(j) be the third derivative of -j**4/24 + 2*j**3/3 - 8*j**2. What is y(-4)?
8
Let h(o) = -o. Let s(n) = -1. Let m(q) = h(q) - 3*s(q). Let t(v) = 4*v**3 - v**2 + v - 1. Let j be t(1). Suppose -5*u = -5*a - 4*u + j, 4*a - 3 = u. Give m(a).
3
Let z(h) = h**2 - 8. Let n(v) = -3*v**3 - 4*v**3 + 2*v**2 + 6*v**3 - 5 + 2*v**2 + 6*v. Let o be n(5). Calculate z(o).
-8
Let w be (-4 - 64/(-12))*-3. Let h(m) = m**3 + 4*m**2 - 4*m - 3. Determine h(w).
13
Suppose 3*j = -2 - 1. Let t = j - 0. Let o(b) be the third derivative of b**6/40 - b**5/60 - b**4/24 - b**2. Give o(t).
-3
Let i(g) = -2*g**2. Suppose -1 = j + 2. Let s = j + 2. Let b be s*-2*3/6. Determine i(b).
-2
Let r(u) = 5*u + 3 + 3 + 1 + 2 + u**2. Determine r(-6).
15
Let l(i) be the second derivative of -i**4/12 - 4*i**3/3 + 5*i**2 - 2*i + 21. Determine l(-8).
10
Let d(m) = 2*m**2 - 3*m + 5. Suppose 3*j - 17 = -c, 23 = -c + j + 4*j. Let f(u) = 5 + 4 - 3 + u**c - 4*u + 2*u**2. Let o(i) = 4*d(i) - 3*f(i). Give o(-2).
-2
Suppose 3*v = 2*q - 7*q - 9, 2*q = -3*v. Let f(x) = 2*x + 7*x**3 - 1 + 2 + v*x**2 + 5*x - 5*x. Give f(-1).
-6
Let g = 5 - 4. Let r(b) = g - 3 - 10*b - 3. Let z(u) = 15*u + 8. Let n(x) = -8*r(x) - 5*z(x). Determine n(1).
5
Let k(c) be the third derivative of -c**4/24 - c**3 - 3*c**2. Determine k(5).
-11
Let g(p) = -p**2 - 5*p - 4. Let h be g(-3). Let f(i) = -2 - i + 4 - 4 + i**2 + 0*i**h. Suppose 1 + 2 = v. Calculate f(v).
4
Let g(v) be the third derivative of v**5/40 - v**4/6 + v**3/3 - 3*v**2. Let l(u) be the first derivative of g(u). Calculate l(3).
5
Let k(i) = -i**2 - 5*i + 7. Suppose -9*j = -8*j - 12. Let y = -18 + j. Determine k(y).
1
Let l = 6 + -3. Let z(v) = -v**2 - 3*v + l*v - 8 + 3*v - 2*v. Give z(0).
-8
Suppose 10 - 4 = 3*o. Let x(d) = -d**2 - o*d**3 + d**3 + d - 1 - 2*d. Calculate x(-1).
0
Let l(c) = -3*c - 6. Let r(s) = 1. Let a(i) = -l(i) - 4*r(i). Calculate a(-3).
-7
Suppose 5*y = 2*y - 5*l, 2*y + 2 = -4*l. Suppose -25 + 10 = 5*p, 3*u - y*p = 27. Let b(s) = 3 + u*s - 2*s - 5*s + 2*s. What is b(3)?
0
Let y(n) = n**3 - 8*n**2 + 11*n - 10. Let s = 163 - 156. What is y(s)?
18
Let r(c) be the first derivative of -c**5/30 - c**3/6 - 3*c**2/2 + 2. Let a(w) be the second derivative of r(w). Calculate a(-2).
-9
Let q(r) be the first derivative of r**2/2 + 5*r + 14. Give q(0).
5
Let a = 27 + 55. Let i(c) = 4*c**3 - a*c + 6*c**2 + 85*c - 3*c**3 + 1. Let n be (2/3)/((-1)/3). Determine i(n).
11
Let r(c) be the first derivative of -c**3/3 - 3*c**2/2 + 3*c - 2. What is r(-3)?
3
Let a(c) be the third derivative of c**8/1680 - c**7/5040 + c**5/60 - 5*c**2. Let o(v) be the third derivative of a(v). What is o(1)?
11
Let u = -14 - -12. Let a(x) be the first derivative of -x**4/4 - x**3/3 - 2. Calculate a(u).
4
Let b be (0 + -3)*(-117)/27. Suppose 4*l + 26 = 5*f, -9 = -5*f + 3*l + b. Let q(j) = -j + 5 + f*j - 2*j. Calculate q(4).
1
Let l(q) = q + 1. Let r(c) = -4*c - 2. Let i(s) = -6*l(s) - r(s). What is i(-4)?
4
Let l(h) = 3*h**3 + 0*h**3 + 2*h**3 + 5 + 4*h**2 + 6*h - 6*h**3. Suppose 3*v = -5*z, 3*v + z = -3*z + 3. Determine l(v).
10
Let s(a) = 22*a**3 - 2*a - 1. Suppose 5 = -2*q + w, 2*w - 1 = -q - 4*q. Calculate s(q).
-21
Let v(d) = d**2 + d - 1. Let k(b) = b**3 - 4*b**2 - 5*b + 8. Let q(j) = k(j) + 6*v(j). Let i be 11/(-22)*(4 - -2). What is q(i)?
-10
Let a(u) = 5*u**2 - u + 2. Let j(c) = -16*c**2 + 3*c - 7. Let i(w) = -7*a(w) - 2*j(w). Calculate i(2).
-10
Let a(u) be the third derivative of 0*u**3 - 1/60*u**5 + 0*u + 7/24*u**4 + 3*u**2 + 0. Give a(4).
12
Let k(x) = -x**3 - 4*x**2 + x + 5. Let r(d) = d**3 + 5*d**2 - d - 6. Let f(w) = 5*k(w) + 4*r(w). Determine f(2).
-5
Let u(c) = c + 1. Let k(f) = -20*f - 3. Let j(n) = -k(n) - 2*u(n). Calculate j(1).
19
Let j(p) = -p**2 + 1. Suppose -m - 18 = -2*k - 6, 4*k + 3*m = 14. Let y(q) = q**3 + 6*q**2 + 2*q + 8. Let v be y(-6). Let g = k + v. Give j(g).
0
Let k(m) be the first derivative of m**6/360 - 5*m**4/12 + 2*m**3 + 7. Let r(y) be the third derivative of k(y). Give r(0).
-10
Let c(z) = -2*z - 6. Let t be 55/(-22) - 6/(-4). 